 = 0, w = -3*t + 15. Let p = u + -106. What is the remainder when p is divided by 13?
8
Suppose 306 = 43*j - 210. Calculate the remainder when 635 is divided by j.
11
Suppose 0 = 17*y - 25 - 9. Calculate the remainder when 158 is divided by (23 - 22)*y*9.
14
Let a(t) = -20*t + 2145. What is the remainder when a(93) is divided by 13?
12
Let v = -71 + 79. Let m be v + -1 + (0 - 2). Suppose -m*o - 444 = -2*w, -w + 6*o + 222 = 4*o. Calculate the remainder when w is divided by 28.
26
Calculate the remainder when 1081 is divided by 480/400*(-10)/3 + 21.
10
Let q = 92 + -60. Let w(a) be the second derivative of a**4/12 - a**3 + 2*a**2 + a. Calculate the remainder when q is divided by w(7).
10
What is the remainder when (-71266 + 4)/(-18) + -12 is divided by 152?
147
Let a(m) = m**3 + 9*m**2 + 3*m - 17. Let l be a(-8). Suppose 22 = 3*i - 2*u, 3*u + l = 3*i + 5. Calculate the remainder when i is divided by 2.
0
Let t = 5 - 1. Let n(u) = u + 10. Suppose 2*i = 2*c - 8, -4*i - 12*c = -7*c + 43. Calculate the remainder when t is divided by n(i).
1
Suppose 17*t - 45*t = -1372. Calculate the remainder when 390 is divided by t.
47
Let f = 12164 + -11967. What is the remainder when 287 is divided by f?
90
Let n = 3606 + -3536. Calculate the remainder when 101 is divided by n.
31
Let w = 41 - -17. Let b = -56 + w. Suppose -7*v + 3*v = -3*l + 49, -2*v + 14 = b*l. What is the remainder when 64 is divided by l?
9
Suppose 117*b - 210 - 1077 = 0. What is the remainder when 2957 is divided by b?
9
Let d(g) = 9*g - 756. What is the remainder when 779 is divided by d(87)?
23
Let n = 359 + -383. Let d(b) = -5*b - 65. Calculate the remainder when 106 is divided by d(n).
51
What is the remainder when 123 is divided by 21*34/(-102)*3/14*-6?
6
Let w be -2 + 325 + (2 + 0 - -1). Suppose 5*m + 56 - w = 0. What is the remainder when m is divided by 5?
4
Let h be (-2116)/(-115)*(15/2 + 0). Suppose 0 = h*t - 131*t - 420. What is the remainder when 357 is divided by t?
57
Let b = 11564 + -11321. What is the remainder when 8261 is divided by b?
242
Let f be (11 - -1) + -4 - 5. Let u(n) = 5*n**3 + 7*n**f - 10*n**2 - 8*n - 7 - 11*n**3. Calculate the remainder when u(11) is divided by 6.
2
Let c(f) = 6*f**2 + f + 2. Suppose -5 = 2*o + 7. Calculate the remainder when 11/(66/1233)*(-4)/o is divided by c(2).
25
Let i be 3/(-2) + (-900)/(-8). Suppose -2*d + 49 = 5*j - 0*j, 3*d = 5*j + i. Calculate the remainder when 8/8 - (-3 + (-122 - 1)) is divided by d.
31
Let w be 6/4*2 + -15. Calculate the remainder when (-13)/(-3) + w/(-18) is divided by 3.
2
Suppose -24 = 3*z - 9*z. Suppose -57 = -3*i - 0*i. Calculate the remainder when 436/z - (-9 - -6) is divided by i.
17
Let r(p) = 2*p**2 + 22*p + 5. Let b be r(-11). Suppose 573 = 3*f - 3*u, b*u - 3*u - 10 = 0. What is the remainder when f is divided by 18?
16
Suppose 4*h = -3*z + 34, 13*h - 59 = -3*z + 14*h. What is the remainder when 772 is divided by z?
16
Let y = -16524 - -17928. Calculate the remainder when y is divided by 287.
256
Let m be 4 - (12/(-16))/(1/28). Suppose 4*q - z - m = q, -5*q = -2*z - 42. Let h(o) = 2*o**2 + 6*o - 5. Calculate the remainder when h(-5) is divided by q.
7
Let b be 26/(-3) + (-23)/(-3) + -8. Suppose -w - 3 = 23. Let i = b - w. Calculate the remainder when 66 is divided by i.
15
Let g(j) = -j - 1. Let n = -661 - -382. Let u = n + 334. Calculate the remainder when u is divided by g(-8).
6
Let i(v) = -v**3 - 4*v**2 + 2*v - 1. Suppose 3726*a = 3812*a - 1720. Calculate the remainder when i(-6) is divided by a.
19
Suppose -5*n - 4*k + 327 = 0, -198 = -n - 2*n - 3*k. Let s(c) = c**3 - 6*c**2 - 10. Let r be s(6). What is the remainder when n is divided by (22/(-3))/(r/15)?
8
Let t = 451 + -451. Suppose -173*g + 178*g - 225 = t. Calculate the remainder when g is divided by 23.
22
Suppose 47*p = 17*p - 49*p + 3634. Calculate the remainder when 310 is divided by p.
34
Let j be (-65)/13*(-333)/15. Suppose 25 + j = 34*v. Suppose 129 = 5*z - 4*a, 2*a = 3*z + 6*a - 71. What is the remainder when z is divided by v?
1
Let k(f) = -244*f + 7146. What is the remainder when k(28) is divided by 15?
14
Let n(s) = -s**2 - 6*s + 14. Let k be n(5). Let q = 45 + k. Suppose -29 + 10 = -q*p - 3*b, -3*p + 2*b + 10 = 0. What is the remainder when 39 is divided by p?
3
Let n(b) = -41*b + 670. Calculate the remainder when 372 is divided by n(14).
84
Suppose 0 = o + 3 - 212. Suppose 2*w - 9*v - 85 = 0, -187 = -3*w - 6*v + 11*v. Calculate the remainder when o is divided by w.
61
Suppose -632 + 1628 = -6*c. Calculate the remainder when 1/(4/(6 - c)) is divided by 4.
3
Let d be (-6)/(8/(-2) - (12 - 14)). Suppose p = -d*h + 4*p, p = -5*h + 24. Calculate the remainder when 64 is divided by (-28)/h*-2 - -3.
13
Let h = 522 - 517. Suppose -73 = -h*a + 4*j, -5*a - j = -3*j - 69. Calculate the remainder when 37 is divided by a.
11
Suppose 75*r + 37 = 85*r - 33. Suppose -8 = -4*p - 0. Calculate the remainder when r is divided by p.
1
Let m(w) = -9*w**2 + w + 101. Let d = 127 + -127. What is the remainder when m(d) is divided by 26?
23
Let y = -17 + 50. Calculate the remainder when 95220/585 - -3*3/39 is divided by y.
31
Let r = -299 - -305. Suppose -3*t + 12 = -r. What is the remainder when 59 is divided by t?
5
Let a = -5758 - -11280. Calculate the remainder when a is divided by 85.
82
Let p(s) = s**3 - 7*s**2 + 9*s + 10. Let w be p(5). Suppose 0 = -w*i - 8 + 238. Calculate the remainder when 413 is divided by i.
45
Let g = 317 + -263. Calculate the remainder when 2260 is divided by g.
46
Calculate the remainder when (13/26*1)/((-6)/(-660)) is divided by (63/(-6))/(3/(-6)).
13
Suppose 5*i = -5*h - 20 - 5, 15*h = -2*i - 88. Let b(u) = 10 + 0*u - 3 + u. Calculate the remainder when b(-6) is divided by i.
0
Let r(b) = -2*b**3 - 9*b**2 + 4*b - 3. Let m(g) = -4*g - 41. Let q be m(-9). Calculate the remainder when 3 is divided by r(q).
1
Let i = -6959 + 6975. Calculate the remainder when 43 is divided by i.
11
Let p = -98 - -95. Calculate the remainder when (224 - 15) + 12/p is divided by 69.
67
Let a = 89 - 68. Suppose 0 = -b - a*b + 1320. Calculate the remainder when b is divided by 35.
25
Let z(t) = 292*t + 1056. Calculate the remainder when z(8) is divided by 31.
13
Suppose -4*o - 163 = x, -3*x + 339 = -5*x + 5*o. Let l = x - -176. Calculate the remainder when 61 is divided by l.
7
Suppose 0 = 5*y - 2*l - 1398, 34*l = 3*y + 36*l - 826. What is the remainder when y is divided by 261?
17
Suppose -5*i + 2*d - 962 = -7*i, 2*i + d - 957 = 0. What is the remainder when i is divided by 90?
26
Suppose -17 + 290 = 3*z + c, 0 = -4*z + 2*c + 334. What is the remainder when 2727 is divided by z?
87
Calculate the remainder when 164 is divided by ((-124)/10)/(4/40)*(164 + -165).
40
Let f = -22 + 30. Suppose f*g - 10 = 6*g. Suppose g + 19 = 3*v. Calculate the remainder when 15 is divided by v.
7
Suppose 0 = 161*c - 117*c - 33836. Calculate the remainder when c is divided by 70.
69
Let l = -1098 - -1127. Calculate the remainder when 198 is divided by l.
24
Suppose 4*c + 2 - 14 = 0. Let i(b) = -4*b**3 + 69*b**2 - 19*b + 39. Calculate the remainder when i(17) is divided by c.
2
Let o(w) = w**2 - 8*w + 16. Let t be o(14). Suppose 3*h - 4*b - 20 = 2*h, b = 5*h - t. What is the remainder when 175 is divided by h?
15
Let i(q) = 717*q - 2855. Let m(x) = -88*x. What is the remainder when m(-1) is divided by i(4)?
10
Let o(p) = 361*p**2 - 46*p + 157. Calculate the remainder when o(3) is divided by 109.
107
Let p = -63 - -95. Let a be 9/6*7000/21. Suppose -18*y + 14*y = -a. What is the remainder when y is divided by p?
29
Let s = 32393 + -32278. What is the remainder when s is divided by 9?
7
Suppose -3*w = -4*y + 39, -35*y + w = -36*y + 15. Calculate the remainder when 1307 is divided by y.
11
Let j = -3481 - -3606. Calculate the remainder when 1020 is divided by j.
20
Suppose k + 69 = -3*s + 1530, 0 = 4*s - 5*k - 1929. Suppose -139 = -25*o + s. Let u = 92 + -53. Calculate the remainder when u is divided by o.
14
Suppose 2*h = 5*r - 86, 4*h + 58 = 3*r + 12. Suppose 0 = 3*i - r - 9. Suppose 1873*k + 19290 = 5088*k. What is the remainder when i is divided by k?
3
Let g be (-3)/(136/32 + 10/(-2)). Suppose 4*j - 132 = 3*a, 0*j = -3*j - g*a + 124. Calculate the remainder when 49 